ommon divisor of 54300 and 595747020.
10860
What is the greatest common divisor of 82897 and 1339441?
4363
What is the greatest common factor of 10766285 and 44094?
7349
What is the highest common factor of 3158441 and 30582?
1699
What is the highest common factor of 89459325 and 675?
225
Calculate the highest common divisor of 60201 and 652518.
9
Calculate the greatest common factor of 116480448 and 409248.
14112
Calculate the greatest common factor of 4860 and 57384045.
405
Calculate the greatest common factor of 891 and 8645703.
33
What is the greatest common factor of 5184 and 1154016?
288
Calculate the highest common divisor of 4138350 and 10810.
470
What is the highest common divisor of 483 and 6955522?
161
Calculate the greatest common divisor of 366 and 53646267.
183
Calculate the highest common factor of 141 and 21663.
3
What is the greatest common factor of 22062810 and 45?
15
Calculate the highest common divisor of 263820 and 10570.
10
Calculate the highest common divisor of 28028 and 27412.
308
Calculate the greatest common factor of 3679992 and 684004.
2524
What is the highest common divisor of 794073030 and 530?
530
What is the greatest common factor of 1449 and 2794569?
69
Calculate the greatest common factor of 312420 and 1805940.
7620
Calculate the highest common divisor of 726264 and 1788864.
1848
Calculate the highest common divisor of 3068 and 3186236.
236
Calculate the greatest common factor of 17 and 22005361.
17
What is the highest common divisor of 6 and 57285246?
6
What is the greatest common divisor of 280665 and 2016?
63
Calculate the highest common factor of 2065377 and 34891.
851
Calculate the highest common divisor of 21827366 and 594.
22
What is the greatest common divisor of 2634 and 2382?
6
What is the greatest common divisor of 482246 and 3586412?
4682
Calculate the greatest common divisor of 56085 and 137160.
15
Calculate the highest common factor of 288319 and 151979.
401
What is the highest common factor of 3741 and 665339?
43
What is the greatest common divisor of 76197297 and 5742?
957
What is the greatest common divisor of 1584246 and 76066?
146
What is the greatest common factor of 6715825 and 3177?
353
What is the greatest common divisor of 11276548 and 36?
4
Calculate the greatest common factor of 105 and 318185.
35
What is the greatest common divisor of 1110 and 2121419235?
555
What is the greatest common divisor of 5533 and 660781?
11
Calculate the greatest common factor of 466500 and 4170.
30
Calculate the greatest common factor of 133 and 31495521.
19
What is the greatest common factor of 67254558 and 2058?
294
What is the greatest common divisor of 3136 and 14253904?
784
What is the highest common divisor of 6537296 and 5404?
772
What is the highest common factor of 1316 and 43122688?
1316
Calculate the highest common factor of 45 and 1978323.
3
Calculate the greatest common divisor of 832091 and 5369.
13
Calculate the greatest common factor of 155073 and 93.
3
Calculate the highest common divisor of 10268760 and 300.
60
Calculate the highest common divisor of 54 and 12228390.
18
What is the greatest common divisor of 712074 and 107844?
66
What is the highest common divisor of 2071 and 896743?
2071
Calculate the highest common factor of 175 and 19403825.
175
What is the greatest common factor of 2840 and 14136952?
568
Calculate the greatest common factor of 144 and 18880368.
48
Calculate the greatest common divisor of 2977392 and 319.
11
What is the greatest common factor of 27 and 1811571?
3
What is the highest common factor of 1638 and 33417202?
182
Calculate the greatest common divisor of 2605 and 8890865.
2605
Calculate the greatest common factor of 33164570 and 30.
10
Calculate the highest common factor of 8092 and 1519.
7
Calculate the highest common factor of 7885 and 12634924.
1577
Calculate the greatest common divisor of 1112 and 36428842.
278
Calculate the greatest common divisor of 8490 and 11333301.
849
Calculate the highest common divisor of 37568 and 131065360.
9392
Calculate the highest common divisor of 13550 and 19150.
50
Calculate the greatest common factor of 112 and 12784443.
7
What is the greatest common divisor of 8898395 and 53805?
85
What is the highest common divisor of 4 and 34454246?
2
Calculate the greatest common divisor of 14694 and 20748402.
474
Calculate the highest common factor of 481 and 5005804.
37
Calculate the highest common divisor of 7175876 and 105096.
116
What is the highest common divisor of 317761 and 5713?
197
What is the greatest common factor of 58759 and 19853526?
877
Calculate the highest common divisor of 376209 and 48.
3
What is the highest common divisor of 16956765 and 21?
21
What is the greatest common factor of 78614939 and 13?
13
What is the greatest common factor of 8634 and 101973296?
2878
Calculate the highest common divisor of 118 and 996392.
118
What is the highest common divisor of 18616 and 2477845448?
18616
What is the highest common factor of 90 and 346838238?
18
Calculate the highest common factor of 13440 and 152083008.
1344
Calculate the highest common factor of 1962 and 76020306.
654
What is the greatest common divisor of 1596870 and 17478?
18
What is the greatest common divisor of 71672384 and 144?
16
What is the greatest common factor of 7672 and 320376?
56
What is the greatest common divisor of 167679 and 61101?
279
Calculate the greatest common factor of 64782288 and 408509.
5171
What is the greatest common divisor of 854208 and 311616?
576
Calculate the greatest common factor of 490 and 197490.
10
What is the greatest common divisor of 459647945 and 5935?
5935
Calculate the highest common divisor of 32107 and 2328.
97
What is the greatest common factor of 34748105 and 10?
5
Calculate the highest common divisor of 421927332 and 108.
12
Calculate the greatest common divisor of 281556 and 215196.
948
Calculate the highest common divisor of 12280 and 428300305.
1535
Calculate the greatest common divisor of 62922 and 1422.
6
Calculate the greatest common factor of 1597063 and 2236.
559
What is the highest common divisor of 360240 and 2340?
60
Calculate the highest common divisor of 61687708 and 12.
4
What is the highest common divisor of 89032 and 55118?
62
Calculate the greatest common factor of 3097574 and 7.
1
What is the greatest common divisor of 7 and 17456336?
1
What is the highest common factor of 1386 and 26857831?
77
What is the highest common factor of 3004 and 19050617?
751
Calculate the greatest common divisor of 10488 and 108240024.
552
Calculate the greatest common divisor of 1446 and 82986.
6
What is the highest common factor of 4827565 and 2941?
173
Calculate the highest common factor of 3077 and 76162447.
181
What is the greatest common factor of 33 and 8786829?
3
What is the greatest common divisor of 20116 and 225877?
107
What is the greatest common divisor of 72 and 4719672?
72
Calculate the greatest common divisor of 11630200 and 16.
8
Calculate the highest common factor of 12092756 and 5382.
598
Calculate the highest common divisor of 256 and 356938.
2
What is the greatest common factor of 336 and 60215568?
336
What is the greatest common factor of 245323 and 972478?
1469
What is the highest common factor of 718940 and 562895?
515
Calculate the highest common factor of 252503198 and 8598.
2866
Calculate the highest common factor of 3146843 and 301.
7
Calculate the greatest common divisor of 483 and 2657949.
483
Calculate the highest common factor of 175707 and 2583.
63
Calculate the highest common factor of 220997289 and 1139.
67
Calculate the highest common factor of 39849 and 222939.
1077
Calculate the greatest common factor of 123004 and 859691.
1337
Calculate the greatest common divisor of 7140 and 527765.
595
Calculate the highest common factor of 7587832 and 252.
28
Calculate the greatest common divisor of 40 and 1283190.
10
What is the greatest common factor of 112354 and 5962?
22
What is the highest common divisor of 1828 and 303135412?
1828
What is the highest common factor of 16400 and 326696?
8
What is the highest common divisor of 11512996 and 352?
44
Calculate the highest common factor of 752 and 3294288.
16
Calculate the highest common factor of 424108 and 353732.
1852
Calculate the high